2*p + 1230, -u = 5 - 2. What is the units digit of (8/(-12))/(t/p)?
3
Let l(b) = b + 7. Let y be l(-4). Suppose 5*t - 12 = c - 3, 13 = -y*c + t. What is the hundreds digit of (c - -8) + ((-294)/(-2) - 0)?
1
Suppose 15 = -7*y + 36. Suppose 0 = -3*n + 8*n - i - 8125, y*i - 3233 = -2*n. What is the units digit of n?
4
Suppose -5*m + 2 = -8. Suppose -m*k + 1 = -7. Suppose 2*s + 17 = 5*w + 296, 0 = k*s - 3*w - 537. What is the tens digit of s?
3
Let a(s) = 10*s + 189. Let z(o) = 30*o + 566. Let n(i) = -17*a(i) + 6*z(i). What is the tens digit of n(0)?
8
Suppose 0 = 47*j - 10745 - 131289. Suppose 11*y = -3*x + 6*y + j, 3*x - 4*y - 3031 = 0. What is the units digit of x?
9
Let t = 7568 + 24002. What is the tens digit of t?
7
Let u be (-2)/11 + (2576/(-77))/(-8). Suppose -8*b + u*b + 340 = 0. What is the units digit of b?
5
Let w = -104 - -107. Let h(n) = -10*n**2 + 3*n + 5. Let q(u) = -11*u**2 + 3*u + 6. Let f(m) = -3*h(m) + 2*q(m). What is the tens digit of f(w)?
6
What is the tens digit of (292*(-24 - -1))/((-2)/6)?
4
Suppose -98789 = 4*n - 2*s - 429715, -248217 = -3*n + 4*s. What is the units digit of n?
7
Let w(c) = c - 2 - 4 + 2 - c**2 + 13. Let i be w(3). Suppose 3*v + 5*p = 346, -i*p = v + p - 120. What is the tens digit of v?
1
Suppose 3*o = 4*v - 21, 3*v - 2*o = -2*v + 21. Suppose 2*l - 208 = -r + 368, v*l = -5*r + 857. What is the units digit of l?
9
Let p(r) = r**3 + 7*r**2 - 8*r + 4. Let u be p(-8). Let t be 1 + 12 - (10 + 2)/u. What is the tens digit of t/(-40) + (-2 - (-1407)/12)?
1
Let v(g) = -19*g**3 - 13*g**2 - 5*g + 2. Let z be v(3). Let h = z + 963. What is the hundreds digit of h?
3
Suppose 2*o = 7*o + 3*z - 876, -o = -5*z - 192. Suppose 4*v = -q + 3*q + 112, 0 = -4*q - 2*v - 194. Let i = o - q. What is the units digit of i?
7
Let f be 14/4*(-400)/(-350). Suppose 4*o = -3*a + 1929, o + 0*o + f*a - 492 = 0. What is the hundreds digit of o?
4
Let z(a) be the third derivative of -a**4/24 + 11*a**3/6 + 4*a**2. Suppose 288 = -38*g - 16. What is the units digit of z(g)?
9
Let t(i) = -133*i - 55. Let s be t(11). Let q = -1033 - s. What is the tens digit of q?
8
Suppose 10*z = z + 72. Suppose 9*o - z*o - 11 = 0. Suppose -17*l + o*l = -1188. What is the units digit of l?
8
Suppose -181*w = -178*w - 3. What is the hundreds digit of -3 + (6 - w) - -916?
9
Suppose 355*h - 13245408 = 67*h. What is the ten thousands digit of h?
4
Suppose 9 = -8*d - 55. What is the units digit of (-1011)/(-1) - 9/(-72)*d?
0
Suppose 3*j = -2*h + 46617, 0 = -234*j + 239*j + 35. What is the units digit of h?
9
Let f = -989 + 5334. What is the thousands digit of f?
4
Suppose 17*q + 969450 - 320592 = 59*q. What is the thousands digit of q?
5
Suppose 8*d + 132 = 5*d. Suppose -6*m + 0*m = 396. Let b = d - m. What is the units digit of b?
2
Suppose -8 = 4*w, -2*w = -1248*l + 1244*l + 144056. What is the hundreds digit of l?
0
Let s be (136/238)/(-1 - 27/(-21)). Suppose -3*u + 5*i + 8795 = s*u, -5*u = 2*i - 8788. What is the tens digit of u?
5
Let h(v) = -v**3 - 15*v**2 + 25*v + 42. Suppose 17 = 19*l - 20*l. What is the tens digit of h(l)?
9
Suppose 4*q - 20 = 0, 2*q + 7 = -4*r + 29. Suppose -a = 4*f - 2*f, 5*f = -r*a. Suppose g - 99 = -f*g. What is the units digit of g?
9
Suppose 2272400 = 338*l - 34*l. What is the thousands digit of l?
7
Let s(o) = -110*o + 135. Let j be s(16). Let p = -940 - j. What is the tens digit of p?
8
Suppose 0 = 1158*b - 1174*b + 64976. What is the thousands digit of b?
4
Suppose 0 = 12*t + 65 + 355. Let i = t + 56. Suppose 5*b + i - 611 = 2*n, 252 = 2*b - 4*n. What is the units digit of b?
6
What is the units digit of 1093230/360*24/9?
8
What is the thousands digit of -17 + (41690 - -8) + -13?
1
Suppose -155 = -5*u - 225. Let p = u - -615. What is the units digit of p?
1
Let x(y) be the first derivative of -15*y**2/2 + 149*y + 187. What is the tens digit of x(-14)?
5
Suppose l - 14*l = -26. What is the tens digit of l/(-4) + (-3102)/(-24)*2?
5
Let p(j) = -3*j**3 - 7*j**2 + 5*j - 10. Let k = -34 - -28. What is the hundreds digit of p(k)?
3
Let d be ((-8)/(-14))/((-7)/(-49)). Suppose 7 = d*b - 1. Suppose 5*s - 44 = -2*x - x, b*s + 4*x = 12. What is the units digit of s?
0
Let i = 10263 + -5283. What is the tens digit of i?
8
Suppose -w + 42 = 38. Suppose l + w*v - 901 = 8*v, 4*v = -16. What is the tens digit of l?
8
Let q = 38 + -42. Let i be q + 21/(1 - -2). Suppose 5*n + 164 = i*l - 508, 0 = -5*n - 15. What is the tens digit of l?
1
Suppose c + 343 = 4*z, 0 = 2*z - 3*z - c + 87. What is the tens digit of z/(6*(-7)/(-273))?
5
Suppose -5*p - 6432 = -13*p. Let f = p + -463. What is the tens digit of f?
4
Suppose 3*i - 1604 = -5*d, 6 + 4 = -5*i. Suppose 31 - d = -3*b. What is the units digit of b?
7
Let i(n) = 1882*n**2 - 22*n - 2. What is the hundreds digit of i(2)?
4
Suppose -43327 - 1221 = -28*k. What is the units digit of k?
1
What is the thousands digit of (9578/8)/((-114)/(-3192))?
3
Let f(g) = -g**3 - 5*g**2 + g + 5. Let j(q) = q**3 - 5*q**2 + 4*q - 1. Let c be j(2). Let w be f(c). Suppose -b + 0 + 61 = w. What is the units digit of b?
1
Let w be 29/145 - (111/5)/1. What is the tens digit of (-2235 + 0)*(w/3 + 7)?
4
Suppose -h + 98 = 8. Let o = -9 - -14. Suppose r - 4*u = -u + h, -o*u = 3*r - 200. What is the tens digit of r?
7
Let g be 6/(-9) + 0 + 207/27. Let q(b) = -2*b + 16. Let v be q(g). Let u(y) = 2*y**3 + 5*y - 2. What is the tens digit of u(v)?
2
Suppose 14*g = 19*g - 4*a - 35459, -5*g = -a - 35456. What is the units digit of g?
1
Let o = 90 - 84. Suppose 0 = -o*q + 1479 + 2655. What is the hundreds digit of q?
6
Let v = -48 - -51. Suppose -l = v - 6. What is the units digit of 63 - l/18*3*0?
3
Let c(m) = 40 + 0*m + 11*m + 31 - 35*m. What is the units digit of c(-4)?
7
Let h = -294 - -584. Suppose h*g + 462 = 291*g. What is the units digit of g?
2
Let f be (-92)/(-16) + 6/8*-1. Suppose -z - 2 = b, -f*z - 5*b + 2*b - 2 = 0. Suppose -2*t + 264 = n + 75, -z*t + 8 = 0. What is the tens digit of n?
8
Let k(m) be the first derivative of m**4/12 + m**3 - 3*m**2 - 16. Let a(u) be the second derivative of k(u). What is the units digit of a(6)?
8
Let k be (-621)/(-18)*8/6. Let v be k/(-2) - (3 - (2 - 0)). Let n = 58 + v. What is the tens digit of n?
3
Let o(t) = -100*t - 135. Let z(h) = h. Let q(w) = -o(w) - 3*z(w). What is the hundreds digit of q(4)?
5
Let h(j) = -j**2 + 11*j - 28. Let s be h(6). Suppose -s*b - 57 - 21 = a, -b + 66 = -a. Let v = 84 + a. What is the units digit of v?
4
Suppose 4*p - b - 2596 = 0, 5*p + 0*b - 3242 = 2*b. What is the tens digit of 314002/p + (-4)/50?
8
Suppose 27186 = 3*g - 65364 - 1362. What is the hundreds digit of g?
3
Let h be (-2 - -23)/((-21)/28). Let x be (h/3)/(14/63). Let n = -28 - x. What is the tens digit of n?
1
Suppose -2*c - 82 = -88. Suppose -5*w + 1394 = c*s, w - 6*w + 3*s + 1406 = 0. What is the tens digit of w?
8
Suppose 43*a + 2*l = 48*a - 3326, 2*a = -3*l + 1319. What is the tens digit of a?
6
Suppose 0 = 3*z + 2*u - 2, -3*z - 4*u - 5 = -3. Suppose -z*p + 20*x + 618 = 16*x, 3*x + 311 = p. What is the units digit of p?
5
Let k = 48 - 5. Let p = 43 - k. What is the tens digit of p + (-6)/(-30) + 259/5?
5
Let m(c) = -1455*c + 1818. What is the ten thousands digit of m(-32)?
4
Let u(r) = -89*r + 24. Let s be u(4). Let h = s - -725. What is the hundreds digit of h?
3
Let v(o) = -48 + 20 - 19 + 7*o. What is the tens digit of v(15)?
5
What is the ten thousands digit of (13 + 6)*959 - (-29 + 27)?
1
Let k be 8/(8/(-2745)) - (-5 - -7). Let i = -1388 - k. What is the tens digit of i?
5
Let w(u) = 17 + u - 10*u - 6*u. What is the units digit of w(-20)?
7
Suppose 0 = 5*t - 3*f - 63715, -5*f = 87*t - 92*t + 63725. Suppose -t = -11*k + k. What is the thousands digit of k?
1
Suppose -1033 = -15*x - 223. What is the hundreds digit of (18/x)/((-4)/(-6132))?
5
Suppose -m - 4*x + 22336 = 0, -7*m - 4*x - 111632 = -12*m. What is the tens digit of m?
2
Suppose -88*o + 80 = 17*o + 3020. Let n = 1 + -1. What is the hundreds digit of (-5411)/o + 1/(-4) + n?
1
Let u(f) = 7*f**2 + 5*f - 6. Suppose 3*q + 112 = -68. Let v = -58 - q. What is the tens digit of u(v)?
3
Let t be 404 - 3 - (-2 - -5). Suppose -444 = -2*o + 4*o. Let w = t + o. What is the hundreds digit of w?
1
Suppose 3*z + 29 = -3*x - 31, -3*x = -3*z +